n). List the prime factors of k(3).
31
List the prime factors of (6 + (-35)/7)/((-2)/(-8644)).
2, 2161
Let n be -1 + 50 - (-8 - -5). Suppose -n*s = -54*s + 110. List the prime factors of s.
5, 11
Suppose 0 = -16582*h + 16581*h + 3650. List the prime factors of h.
2, 5, 73
Suppose -10*j = -8*j - 30. What are the prime factors of j?
3, 5
Let z(c) = 2*c**2 - 4*c + 4. Let r be z(2). List the prime factors of r/(((-1)/5)/(-1)).
2, 5
Suppose -73 = -9*r + 8. Suppose 38 = 5*g - 17. Let c = g - r. List the prime factors of c.
2
Let g be (149/(-2))/(7 + 60/(-8)). Suppose 2*v - 5*l - 156 = g, v - 160 = 5*l. List the prime factors of v.
5, 29
Let b = 24 - 9. Let f = -16 + b. List the prime factors of -3 + 1 + 37 - f.
2, 3
Suppose 3*m - h - 10 = -35, -5*h = -m - 27. Let i(b) be the first derivative of -7*b**2/2 + 3*b + 83. List the prime factors of i(m).
2, 13
Suppose -c + 2 = 3*l, 5*l - 5 - 4 = -2*c. Suppose 8*n - 265 = -c. List the prime factors of n.
31
Suppose -6*t - 6*t = -t. Let x = 8 - 5. Suppose t = k - x*k + 12. List the prime factors of k.
2, 3
Let t(v) = 5*v - 337. Let m(f) = -3*f + 225. Let o(y) = 8*m(y) + 5*t(y). What are the prime factors of o(0)?
5, 23
Let v(m) = -m**2 + 63*m - 135. List the prime factors of v(41).
13, 59
Suppose 3*c - 30 = -2*c. Let n(h) = -14. Let a(w) = w. Let q(l) = 4*a(l) + n(l). What are the prime factors of q(c)?
2, 5
Let s = -5 + 5. Suppose 0 = x + 4*b - 2, s = -2*x + 7*x + 2*b - 10. What are the prime factors of x?
2
Suppose 99*p + 1748 = 103*p. List the prime factors of p.
19, 23
Let g(c) = 20 + 4*c + 11 - 7 - 3 + 4*c**2. What are the prime factors of g(-6)?
3, 47
Let d(q) = q**3 - 9*q**2 + 9*q + 1. Let h be ((-56)/(-1))/(-2)*-1. Suppose -5*c + h = -3*b, 2*b = -3*c - 3*b + 44. List the prime factors of d(c).
3
Let w(l) = 134*l - 181. What are the prime factors of w(21)?
2633
Let p = -2 - -4. What are the prime factors of 6/p - (-60 + -7)?
2, 5, 7
Let g = -41 + 21. List the prime factors of 333/12 + -1 + (-5)/g.
3
Let r be (-36)/24*(9 + 1). Let u be ((-40)/r + 3)*9. Suppose 2*o + 0*t = t + u, 2*o - 3*t = 49. List the prime factors of o.
2, 13
Let h = -23 + 16. Let u(l) = l + 5. Let a be u(h). What are the prime factors of 12/(2 - a) - -23?
2, 13
Let c(z) = -14*z + 7. Let m be c(-5). Suppose -3*d - 3*k + m + 13 = 0, 0 = -k. Suppose 2*w = d + 72. List the prime factors of w.
3, 17
Let f(z) = -z**2 - 8*z - 14. Let l be f(-8). Suppose -p = 5*y - 22 - 3, -4*p + 62 = y. Let u = p - l. What are the prime factors of u?
29
Let f(z) = z**2 - 2*z - 3. Let v be f(-5). Let x = -49 - -51. Suppose x*m = -2*q + 6*q + 32, 2*m = -5*q + v. List the prime factors of m.
2
Let t(k) = 9*k**2 + 13*k + 22. List the prime factors of t(-7).
2, 3, 31
Suppose -9 = -11*s + 8*s. Suppose 4*f = 2*u - 97 + 407, s*u = -f + 81. List the prime factors of f.
2, 3, 13
Suppose 2*n + 437 = 1683. List the prime factors of n.
7, 89
Suppose -2*z - 5 = w, 0 = -w - 3 + 4. Let y(m) = -95*m - 14. List the prime factors of y(z).
271
Suppose 183 = 3*t + 3*f, 5*t - 3*f + 2*f - 323 = 0. Let a = -19 + t. List the prime factors of a.
3, 5
Let x = -14 - 4. Let s = 39 + x. Let h = s - 4. List the prime factors of h.
17
Let x be 3 + (-2)/(6/57). Let r = 38 + x. List the prime factors of 2/(6/9) + r.
5
Let j(y) = y**3 - 21*y**2 + y - 19. Let t be j(21). Suppose 4*d - 2*d = 4*h - 184, 0 = -d - t. List the prime factors of h.
3, 5
Let m = -1624 - -2773. What are the prime factors of m?
3, 383
Let g(b) = -b - 13. Let a be g(11). Let w = 39 + a. List the prime factors of w.
3, 5
Let h = -18 - -20. Suppose -z - 5*c = 0, h*c = z - 6*z + 115. List the prime factors of z.
5
Let s be (0 + -2)/2*-3. Suppose 11*n = 6*n + 1560. List the prime factors of s/(-2)*n/(-36).
13
Let q(j) = -j**2 + 4 - 11*j**2 - 8*j + 35*j**2. List the prime factors of q(3).
11, 17
Suppose 0 = -409*d + 395*d + 35070. List the prime factors of d.
3, 5, 167
Suppose 3*o + 10 = 2*o. Let f be 52/o - (-5)/25. Let k = 34 + f. What are the prime factors of k?
29
Suppose 31*s - 47629 = 40473. What are the prime factors of s?
2, 7, 29
Suppose -n + 29 = 3*n + 5*i, 4*n + 4*i = 24. Let o(d) = 143*d - 1. Let b be o(n). Let p = 206 - b. What are the prime factors of p?
2
Let q(n) = -6*n + 37. What are the prime factors of q(-11)?
103
Suppose k + 22267 = 5*r, r + 3*k = 4*r - 13365. List the prime factors of r.
61, 73
Let i(a) = a**3 - 47*a**2 - 104*a - 33. List the prime factors of i(51).
3, 563
Suppose 0 = -3*i + 7 - 10. Let x(a) = -3*a - 1. Let j be x(i). What are the prime factors of j + (3 + -1 - 0)?
2
Suppose 8*x - 3763 + 1483 = 0. List the prime factors of x.
3, 5, 19
Suppose 34*x = 55*x - 7308. What are the prime factors of x?
2, 3, 29
Suppose -a + 2 = -2. Suppose 3*m = -4*x + 710, 3*m + 146 = a*x - 552. Let l = x + -108. What are the prime factors of l?
2, 17
List the prime factors of 38 + 6*2/24*-2.
37
Let k(x) = -x**3 + 13*x**2 - 11*x - 16. Let l be k(12). Let v be (-1)/2 - 436/8. List the prime factors of (v/(-10))/((-2)/l).
11
Suppose 2*v - 4*u = 920, -2*v = 2*v - u - 1805. What are the prime factors of v?
2, 3, 5
Let a(v) = 1. Let y(d) = 4*d - 31. Let f(u) = 6*a(u) + y(u). What are the prime factors of f(12)?
23
Let r = 1566 - 325. What are the prime factors of r?
17, 73
Suppose -s + 3*v - 439 = -1532, -4407 = -4*s + 5*v. List the prime factors of s.
2, 277
Let z(a) = a**3 - 8*a**2 + 7*a + 2. Let o be z(7). Suppose -7*r + o = -6*r. List the prime factors of (-12)/(r + (-9)/4).
2, 3
Suppose -4*l = -9*l + 780. Let a = -103 - -100. What are the prime factors of l/2*a/(-6)?
3, 13
Suppose -5*k - 65 = -v, -k - 75 = -v + 2*k. Suppose f = 6*f + v. What are the prime factors of -1 - (f - 0/(-3))?
17
Let g(n) = 13*n**2 - 11*n - 15. Let m(q) = -13*q**2 + 10*q + 14. Let c(d) = -6*g(d) - 7*m(d). List the prime factors of c(-3).
11
What are the prime factors of (-14259)/(-13) - (-9 + (-1495)/(-169))?
1097
What are the prime factors of 0 - -1 - (21 + -2060)?
2, 3, 5, 17
Let w be 11 - (-9)/((-27)/(-6)). Suppose -w = -4*x - 3*v, 6*x - 2*x = -2*v + 18. List the prime factors of x.
7
Suppose -5*j - 5*y + 10 = -0, 2 = -2*y. Let i(g) = 6*g**2 - 4 - 9*g + g**3 + j*g**2 - 5*g**2 + 3*g**2. List the prime factors of i(-8).
2
List the prime factors of (-13 - -24)/(4/676).
11, 13
Let c(a) = 15*a**3 + 9*a**2 + 6*a + 4. Let v be c(-5). What are the prime factors of (-5)/(40/v) - (-9)/(-6)?
2, 13
Let n be 4/(-12)*1*3. What are the prime factors of 4*13 - (-2 - -1)/n?
3, 17
Suppose 5*d - 6 = 14. Suppose -d*k = -c - 5, 0 = -2*k + c + 1 - 0. List the prime factors of ((-424)/(-40))/(k/10).
53
Let h(j) = 16*j**2 - j + 1. Let w be h(1). Suppose w = x + x. Let z = 13 - x. List the prime factors of z.
5
Suppose 4*i - 12952 = 4*h, -3*i - 2*h + 9690 = h. What are the prime factors of i?
2, 3, 7, 11
Suppose -5*q - 4 - 2 = 3*s, -4*q - 6 = 3*s. Let h be 2 + -5 - 14/s. Suppose -37 = -h*f + 19. List the prime factors of f.
2, 7
Suppose 0 = -4*j - 2 - 6. Let p be (-8)/16*(0 + j). Suppose 5*g + p = 31. What are the prime factors of g?
2, 3
Let s be 65/20 - (-6)/(-24). Let g(f) = 4*f**2 + f - 4. Let t be g(-4). Suppose s*r = -n + t, 5*r = -2*n - n + 152. What are the prime factors of n?
2, 11
Let h = 2588 + -269. What are the prime factors of h?
3, 773
Suppose -4*h - h + 30 = 0. Suppose -4*a + 3*c + 20 = 0, 3*a - c - h - 4 = 0. Suppose a*v - 51 = -3*m + 119, -2*m + 3*v + 122 = 0. List the prime factors of m.
2, 29
Suppose -3*j = 3, 3*l - j = 7*l - 11. Suppose 3*w - 44 = 4*h + 127, l*w - 177 = 2*h. Suppose 5*y = 94 + w. What are the prime factors of y?
31
Suppose 0*r + 4*r = -5*y - 137, 165 = -5*r - 5*y. Suppose 0 = -3*c - 4*v - 0*v - 155, v = -5*c - 264. Let w = r - c. List the prime factors of w.
5
Let c be -3*6/1*(-39)/(-2). Let h = c - -581. List the prime factors of h.
2, 5, 23
Let u(n) = -17*n - 8. Let s be u(-6). Suppose f + s - 9 = 2*d, 56 = d - 5*f. List the prime factors of d.
41
Let s = -9 + 22. Suppose -4*b + s = -23. What are the prime factors of b?
3
Let t(d) = -d**3 - 2*d**2 + 1. Let i be (-2)/(3/6*4). Let g be t(i). Suppose 0 = -g*a + a - 4. List the prime factors of a.
2
Suppose l - 20 = -3*r, r - 22 = l - 58. Let t = -38 - -55. Let x = l - t. What are the prime factors of x?
3, 5
Suppose 41*f - 37*f = 1940. What are the prime factors of